{"id":1574,"date":"2018-09-21T11:37:02","date_gmt":"2018-09-21T10:37:02","guid":{"rendered":"http:\/\/www.concreteonlus.org\/?page_id=1574"},"modified":"2019-10-31T10:56:23","modified_gmt":"2019-10-31T08:56:23","slug":"progetto-mobilita-possibile","status":"publish","type":"page","link":"https:\/\/www.concreteonlus.org\/?page_id=1574","title":{"rendered":"PROGETTO MOBILIT\u00c0 POSSIBILE"},"content":{"rendered":"\n<h2 class=\"wp-block-heading\"><strong>MOBILITA&#8217; POSSIBILE E&#8217; STATO RINNOVATO ANCHE PER L&#8217;ANNO 2019-2020! RINGRAZIAMO UCEBI PER LA FIDUCIA NUOVAMENTE ACCORDATACI.<\/strong><\/h2>\n\n\n\n<h2 class=\"wp-block-heading\"><\/h2>\n\n\n<p>Concrete Onlus \u00e8 orgogliosa di presentare il progetto <strong>Mobilit\u00e0 Possibile<\/strong>, reso realt\u00e0 grazie al finanziamento da parte dell&#8217;8 per mille <a href=\"https:\/\/www.ucebi.it\" target=\"_blank\" rel=\"noopener noreferrer\"><strong>UCEBI<\/strong><\/a>.<\/p>\n<table style=\"height: 265px;\" border=\"1\" width=\"678\" align=\"center\">\n<tbody>\n<tr>\n<td><img loading=\"lazy\" decoding=\"async\" class=\" wp-image-1638 aligncenter\" src=\"http:\/\/www.concreteonlus.org\/wp-content\/uploads\/2018\/09\/CONCRETE-LOGONEW-1024x469.jpg\" alt=\"\" width=\"288\" height=\"132\" srcset=\"https:\/\/www.concreteonlus.org\/wp-content\/uploads\/2018\/09\/CONCRETE-LOGONEW-1024x469.jpg 1024w, https:\/\/www.concreteonlus.org\/wp-content\/uploads\/2018\/09\/CONCRETE-LOGONEW-600x275.jpg 600w, https:\/\/www.concreteonlus.org\/wp-content\/uploads\/2018\/09\/CONCRETE-LOGONEW-300x137.jpg 300w, https:\/\/www.concreteonlus.org\/wp-content\/uploads\/2018\/09\/CONCRETE-LOGONEW-768x351.jpg 768w\" sizes=\"auto, (max-width: 288px) 100vw, 288px\" \/><\/td>\n<td>\u00a0<\/td>\n<td><img loading=\"lazy\" decoding=\"async\" class=\"wp-image-1658 size-full aligncenter\" src=\"http:\/\/www.concreteonlus.org\/wp-content\/uploads\/2018\/09\/8x1000-vettoriale-small.jpg\" alt=\"\" width=\"300\" height=\"171\" \/><\/td>\n<\/tr>\n<\/tbody>\n<\/table>\n<h1>MOBILIT\u00c0 POSSIBILE<\/h1>\n<p>Diamo la possibilit\u00e0 di compiere gli spostamenti quotidiani a persone disabili e anziane che non hanno la possibilit\u00e0 materiale di farlo.<\/p>\n<h2><strong>CONTESTO<\/strong><\/h2>\n<p>La mobilit\u00e0 dovrebbe essere un diritto fondamentale di ogni persona. Purtroppo, per le persone con disabilit\u00e0 e per gli anziani spostarsi da casa in autonomia per compiere le azioni quotidiane pu\u00f2 essere maggiormente difficoltoso, a causa della carenza di accessibilit\u00e0 del servizio pubblico e sostenere le spese per gli spostamenti quotidiani in taxi o con un servizio NCC finisce per diventare troppo oneroso, a causa della mancanza di agevolazioni sulle tariffe.<\/p>\n<p><img loading=\"lazy\" decoding=\"async\" class=\"aligncenter wp-image-1633 size-large\" src=\"http:\/\/www.concreteonlus.org\/wp-content\/uploads\/2018\/09\/PICT0025-1024x768.jpg\" alt=\"\" width=\"800\" height=\"600\" srcset=\"https:\/\/www.concreteonlus.org\/wp-content\/uploads\/2018\/09\/PICT0025-1024x768.jpg 1024w, https:\/\/www.concreteonlus.org\/wp-content\/uploads\/2018\/09\/PICT0025-600x450.jpg 600w, https:\/\/www.concreteonlus.org\/wp-content\/uploads\/2018\/09\/PICT0025-300x225.jpg 300w, https:\/\/www.concreteonlus.org\/wp-content\/uploads\/2018\/09\/PICT0025-768x576.jpg 768w\" sizes=\"auto, (max-width: 800px) 100vw, 800px\" \/><\/p>\n<h2>IL PROGETTO<\/h2>\n<h2><strong style=\"font-size: 16px;\">DESCRIZIONE DEL PROGETTO:<\/strong><\/h2>\n<p>Il progetto si prefigge di soddisfare le richieste di spostamento, per compiere azioni quotidiane, di quelle persone, disabili o anziane, o comunque che presentano maggiori difficolt\u00e0 nello spostarsi fuori da casa in autonomia, per le quali sostenere le spese per gli spostamenti quotidiani in taxi o con un servizio NCC sarebbe troppo oneroso.<br \/>Con questo progetto riusciremo a donare gratuitamente, o con una riduzione considerevole del costo, a questo tipo di persone, alcuni trasporti gratuiti sui nostri veicoli attrezzati per il trasporto di persone con disabilit\u00e0, nel contesto del nostro servizio di trasporto NCC denominato CAR4YOU!<\/p>\n<h2><strong style=\"font-size: 16px;\">MODALIT\u00c0 DI REALIZZAZIONE DEL PROGETTO:<\/strong><\/h2>\n<p>Stabilito il valore di un trasporto semplice in citt\u00e0 a 15\u20ac, ad ogni persona che richieder\u00e0 un trasporto assegneremo uno o pi\u00f9 buoni virtuali di tale valore, a seconda del costo del trasporto da lui\/lei richiesto. Ogni persona disabile potr\u00e0 usufruire dei trasporti gratuito fino ad un valore massimo di 10 buoni.<\/p>\n<p>I mezzi di trasporto per realizzare il servizio saranno di propriet\u00e0 della Cooperativa e in casi particolari per particolari esigenze potranno essere utilizzati mezzi con altra propriet\u00e0.<\/p>\n<p><img loading=\"lazy\" decoding=\"async\" class=\"alignright wp-image-1631 size-full\" src=\"http:\/\/www.concreteonlus.org\/wp-content\/uploads\/2018\/09\/mobilit\u00e0-possibilie-img-x3.jpg\" alt=\"\" width=\"900\" height=\"200\" srcset=\"https:\/\/www.concreteonlus.org\/wp-content\/uploads\/2018\/09\/mobilit\u00e0-possibilie-img-x3.jpg 900w, https:\/\/www.concreteonlus.org\/wp-content\/uploads\/2018\/09\/mobilit\u00e0-possibilie-img-x3-600x133.jpg 600w, https:\/\/www.concreteonlus.org\/wp-content\/uploads\/2018\/09\/mobilit\u00e0-possibilie-img-x3-300x67.jpg 300w, https:\/\/www.concreteonlus.org\/wp-content\/uploads\/2018\/09\/mobilit\u00e0-possibilie-img-x3-768x171.jpg 768w\" sizes=\"auto, (max-width: 900px) 100vw, 900px\" \/><\/p>\n<h1>COME USUFRUIRE DEL BUONO PER IL TRASPORTO GRATUITO?<\/h1>\n<h2>Compila il form sottostante in ogni sua parte per richiedere il tuo trasporto gratuito!<\/h2>\n<p>[contact-form-7 id=&#8221;1607&#8243; title=&#8221;Modulo richiesta Servizio Mobilit\u00e0 Possibile&#8221;]<\/p>\n<p><img loading=\"lazy\" decoding=\"async\" class=\" wp-image-1641 aligncenter\" src=\"http:\/\/www.concreteonlus.org\/wp-content\/uploads\/2018\/09\/WhatsApp-Image-2018-08-22-at-17.26.09-1-1024x576.jpeg\" alt=\"\" width=\"685\" height=\"385\" srcset=\"https:\/\/www.concreteonlus.org\/wp-content\/uploads\/2018\/09\/WhatsApp-Image-2018-08-22-at-17.26.09-1-1024x576.jpeg 1024w, https:\/\/www.concreteonlus.org\/wp-content\/uploads\/2018\/09\/WhatsApp-Image-2018-08-22-at-17.26.09-1-600x338.jpeg 600w, https:\/\/www.concreteonlus.org\/wp-content\/uploads\/2018\/09\/WhatsApp-Image-2018-08-22-at-17.26.09-1-300x169.jpeg 300w, https:\/\/www.concreteonlus.org\/wp-content\/uploads\/2018\/09\/WhatsApp-Image-2018-08-22-at-17.26.09-1-768x432.jpeg 768w, https:\/\/www.concreteonlus.org\/wp-content\/uploads\/2018\/09\/WhatsApp-Image-2018-08-22-at-17.26.09-1.jpeg 1600w\" sizes=\"auto, (max-width: 685px) 100vw, 685px\" \/><\/p>\n\n<p>[themoneytizer id=27389-16]<\/p>\n","protected":false},"excerpt":{"rendered":"<p>MOBILITA&#8217; POSSIBILE E&#8217; STATO RINNOVATO ANCHE PER L&#8217;ANNO 2019-2020! RINGRAZIAMO UCEBI PER LA FIDUCIA NUOVAMENTE ACCORDATACI. Concrete Onlus \u00e8 orgogliosa di presentare il progetto Mobilit\u00e0 Possibile, reso realt\u00e0 grazie al finanziamento da parte dell&#8217;8 per mille UCEBI. \u00a0 MOBILIT\u00c0 POSSIBILE Diamo la possibilit\u00e0 di compiere gli spostamenti quotidiani a persone disabili e anziane che non [&hellip;]<\/p>\n","protected":false},"author":156,"featured_media":1632,"parent":0,"menu_order":3,"comment_status":"closed","ping_status":"closed","template":"","meta":{"footnotes":""},"class_list":["post-1574","page","type-page","status-publish","has-post-thumbnail","hentry"],"yoast_head":"<!-- This site is optimized with the Yoast SEO plugin v25.8 - https:\/\/yoast.com\/wordpress\/plugins\/seo\/ -->\n<title>PROGETTO MOBILIT\u00c0 POSSIBILE<\/title>\n<meta name=\"description\" content=\"Grazie al finanziamento 8 per mille UCEBI presentiamo il progetto MOBILIT\u00c0 POSSIBILE: forniamo spostamenti quotidiani gratuiti a persone disabili e anziane.\" \/>\n<meta name=\"robots\" content=\"index, follow, max-snippet:-1, max-image-preview:large, max-video-preview:-1\" \/>\n<link rel=\"canonical\" href=\"https:\/\/www.concreteonlus.org\/?page_id=1574\" \/>\n<meta property=\"og:locale\" content=\"it_IT\" \/>\n<meta property=\"og:type\" content=\"article\" \/>\n<meta property=\"og:title\" content=\"PROGETTO MOBILIT\u00c0 POSSIBILE\" \/>\n<meta property=\"og:description\" content=\"Grazie al finanziamento 8 per mille UCEBI presentiamo il progetto MOBILIT\u00c0 POSSIBILE: forniamo spostamenti quotidiani gratuiti a persone disabili e anziane.\" \/>\n<meta property=\"og:url\" content=\"https:\/\/www.concreteonlus.org\/?page_id=1574\" \/>\n<meta property=\"og:site_name\" content=\"CONCRETE ONLUS\" \/>\n<meta property=\"article:publisher\" content=\"https:\/\/www.facebook.com\/concreteonlus.org\/\" \/>\n<meta property=\"article:modified_time\" content=\"2019-10-31T08:56:23+00:00\" \/>\n<meta property=\"og:image\" content=\"https:\/\/www.concreteonlus.org\/wp-content\/uploads\/2018\/09\/slider-trasporti.jpg\" \/>\n\t<meta property=\"og:image:width\" content=\"1600\" \/>\n\t<meta property=\"og:image:height\" content=\"600\" \/>\n\t<meta property=\"og:image:type\" content=\"image\/jpeg\" \/>\n<meta name=\"twitter:card\" content=\"summary_large_image\" \/>\n<meta name=\"twitter:label1\" content=\"Tempo di lettura stimato\" \/>\n\t<meta name=\"twitter:data1\" content=\"2 minuti\" \/>\n<script type=\"application\/ld+json\" class=\"yoast-schema-graph\">{\"@context\":\"https:\/\/schema.org\",\"@graph\":[{\"@type\":\"WebPage\",\"@id\":\"https:\/\/www.concreteonlus.org\/?page_id=1574\",\"url\":\"https:\/\/www.concreteonlus.org\/?page_id=1574\",\"name\":\"PROGETTO MOBILIT\u00c0 POSSIBILE\",\"isPartOf\":{\"@id\":\"https:\/\/www.concreteonlus.org\/#website\"},\"primaryImageOfPage\":{\"@id\":\"https:\/\/www.concreteonlus.org\/?page_id=1574#primaryimage\"},\"image\":{\"@id\":\"https:\/\/www.concreteonlus.org\/?page_id=1574#primaryimage\"},\"thumbnailUrl\":\"https:\/\/www.concreteonlus.org\/wp-content\/uploads\/2018\/09\/slider-trasporti.jpg\",\"datePublished\":\"2018-09-21T10:37:02+00:00\",\"dateModified\":\"2019-10-31T08:56:23+00:00\",\"description\":\"Grazie al finanziamento 8 per mille UCEBI presentiamo il progetto MOBILIT\u00c0 POSSIBILE: forniamo spostamenti quotidiani gratuiti a persone disabili e anziane.\",\"breadcrumb\":{\"@id\":\"https:\/\/www.concreteonlus.org\/?page_id=1574#breadcrumb\"},\"inLanguage\":\"it-IT\",\"potentialAction\":[{\"@type\":\"ReadAction\",\"target\":[\"https:\/\/www.concreteonlus.org\/?page_id=1574\"]}]},{\"@type\":\"ImageObject\",\"inLanguage\":\"it-IT\",\"@id\":\"https:\/\/www.concreteonlus.org\/?page_id=1574#primaryimage\",\"url\":\"https:\/\/www.concreteonlus.org\/wp-content\/uploads\/2018\/09\/slider-trasporti.jpg\",\"contentUrl\":\"https:\/\/www.concreteonlus.org\/wp-content\/uploads\/2018\/09\/slider-trasporti.jpg\",\"width\":1600,\"height\":600},{\"@type\":\"BreadcrumbList\",\"@id\":\"https:\/\/www.concreteonlus.org\/?page_id=1574#breadcrumb\",\"itemListElement\":[{\"@type\":\"ListItem\",\"position\":1,\"name\":\"Home\",\"item\":\"https:\/\/www.concreteonlus.org\/\"},{\"@type\":\"ListItem\",\"position\":2,\"name\":\"PROGETTO MOBILIT\u00c0 POSSIBILE\"}]},{\"@type\":\"WebSite\",\"@id\":\"https:\/\/www.concreteonlus.org\/#website\",\"url\":\"https:\/\/www.concreteonlus.org\/\",\"name\":\"CONCRETE ONLUS\",\"description\":\"VIAGGI ASSISTITI ED ACCESSIBILI SU MISURA PER TE!\",\"publisher\":{\"@id\":\"https:\/\/www.concreteonlus.org\/#organization\"},\"potentialAction\":[{\"@type\":\"SearchAction\",\"target\":{\"@type\":\"EntryPoint\",\"urlTemplate\":\"https:\/\/www.concreteonlus.org\/?s={search_term_string}\"},\"query-input\":{\"@type\":\"PropertyValueSpecification\",\"valueRequired\":true,\"valueName\":\"search_term_string\"}}],\"inLanguage\":\"it-IT\"},{\"@type\":\"Organization\",\"@id\":\"https:\/\/www.concreteonlus.org\/#organization\",\"name\":\"Concrete Onlus\",\"url\":\"https:\/\/www.concreteonlus.org\/\",\"logo\":{\"@type\":\"ImageObject\",\"inLanguage\":\"it-IT\",\"@id\":\"https:\/\/www.concreteonlus.org\/#\/schema\/logo\/image\/\",\"url\":\"https:\/\/www.concreteonlus.org\/wp-content\/uploads\/2024\/05\/Food-KING-logo-1.png\",\"contentUrl\":\"https:\/\/www.concreteonlus.org\/wp-content\/uploads\/2024\/05\/Food-KING-logo-1.png\",\"width\":\"1080\",\"height\":\"1080\",\"caption\":\"Concrete Onlus\"},\"image\":{\"@id\":\"https:\/\/www.concreteonlus.org\/#\/schema\/logo\/image\/\"},\"sameAs\":[\"https:\/\/www.facebook.com\/concreteonlus.org\/\",\"https:\/\/www.instagram.com\/concrete_onlus\/\",\"https:\/\/www.linkedin.com\/company\/concrete-onlus-societ-cooperativa-sociale\/\"]}]}<\/script>\n<!-- \/ Yoast SEO plugin. -->","yoast_head_json":{"title":"PROGETTO MOBILIT\u00c0 POSSIBILE","description":"Grazie al finanziamento 8 per mille UCEBI presentiamo il progetto MOBILIT\u00c0 POSSIBILE: forniamo spostamenti quotidiani gratuiti a persone disabili e anziane.","robots":{"index":"index","follow":"follow","max-snippet":"max-snippet:-1","max-image-preview":"max-image-preview:large","max-video-preview":"max-video-preview:-1"},"canonical":"https:\/\/www.concreteonlus.org\/?page_id=1574","og_locale":"it_IT","og_type":"article","og_title":"PROGETTO MOBILIT\u00c0 POSSIBILE","og_description":"Grazie al finanziamento 8 per mille UCEBI presentiamo il progetto MOBILIT\u00c0 POSSIBILE: forniamo spostamenti quotidiani gratuiti a persone disabili e anziane.","og_url":"https:\/\/www.concreteonlus.org\/?page_id=1574","og_site_name":"CONCRETE ONLUS","article_publisher":"https:\/\/www.facebook.com\/concreteonlus.org\/","article_modified_time":"2019-10-31T08:56:23+00:00","og_image":[{"width":1600,"height":600,"url":"https:\/\/www.concreteonlus.org\/wp-content\/uploads\/2018\/09\/slider-trasporti.jpg","type":"image\/jpeg"}],"twitter_card":"summary_large_image","twitter_misc":{"Tempo di lettura stimato":"2 minuti"},"schema":{"@context":"https:\/\/schema.org","@graph":[{"@type":"WebPage","@id":"https:\/\/www.concreteonlus.org\/?page_id=1574","url":"https:\/\/www.concreteonlus.org\/?page_id=1574","name":"PROGETTO MOBILIT\u00c0 POSSIBILE","isPartOf":{"@id":"https:\/\/www.concreteonlus.org\/#website"},"primaryImageOfPage":{"@id":"https:\/\/www.concreteonlus.org\/?page_id=1574#primaryimage"},"image":{"@id":"https:\/\/www.concreteonlus.org\/?page_id=1574#primaryimage"},"thumbnailUrl":"https:\/\/www.concreteonlus.org\/wp-content\/uploads\/2018\/09\/slider-trasporti.jpg","datePublished":"2018-09-21T10:37:02+00:00","dateModified":"2019-10-31T08:56:23+00:00","description":"Grazie al finanziamento 8 per mille UCEBI presentiamo il progetto MOBILIT\u00c0 POSSIBILE: forniamo spostamenti quotidiani gratuiti a persone disabili e anziane.","breadcrumb":{"@id":"https:\/\/www.concreteonlus.org\/?page_id=1574#breadcrumb"},"inLanguage":"it-IT","potentialAction":[{"@type":"ReadAction","target":["https:\/\/www.concreteonlus.org\/?page_id=1574"]}]},{"@type":"ImageObject","inLanguage":"it-IT","@id":"https:\/\/www.concreteonlus.org\/?page_id=1574#primaryimage","url":"https:\/\/www.concreteonlus.org\/wp-content\/uploads\/2018\/09\/slider-trasporti.jpg","contentUrl":"https:\/\/www.concreteonlus.org\/wp-content\/uploads\/2018\/09\/slider-trasporti.jpg","width":1600,"height":600},{"@type":"BreadcrumbList","@id":"https:\/\/www.concreteonlus.org\/?page_id=1574#breadcrumb","itemListElement":[{"@type":"ListItem","position":1,"name":"Home","item":"https:\/\/www.concreteonlus.org\/"},{"@type":"ListItem","position":2,"name":"PROGETTO MOBILIT\u00c0 POSSIBILE"}]},{"@type":"WebSite","@id":"https:\/\/www.concreteonlus.org\/#website","url":"https:\/\/www.concreteonlus.org\/","name":"CONCRETE ONLUS","description":"VIAGGI ASSISTITI ED ACCESSIBILI SU MISURA PER TE!","publisher":{"@id":"https:\/\/www.concreteonlus.org\/#organization"},"potentialAction":[{"@type":"SearchAction","target":{"@type":"EntryPoint","urlTemplate":"https:\/\/www.concreteonlus.org\/?s={search_term_string}"},"query-input":{"@type":"PropertyValueSpecification","valueRequired":true,"valueName":"search_term_string"}}],"inLanguage":"it-IT"},{"@type":"Organization","@id":"https:\/\/www.concreteonlus.org\/#organization","name":"Concrete Onlus","url":"https:\/\/www.concreteonlus.org\/","logo":{"@type":"ImageObject","inLanguage":"it-IT","@id":"https:\/\/www.concreteonlus.org\/#\/schema\/logo\/image\/","url":"https:\/\/www.concreteonlus.org\/wp-content\/uploads\/2024\/05\/Food-KING-logo-1.png","contentUrl":"https:\/\/www.concreteonlus.org\/wp-content\/uploads\/2024\/05\/Food-KING-logo-1.png","width":"1080","height":"1080","caption":"Concrete Onlus"},"image":{"@id":"https:\/\/www.concreteonlus.org\/#\/schema\/logo\/image\/"},"sameAs":["https:\/\/www.facebook.com\/concreteonlus.org\/","https:\/\/www.instagram.com\/concrete_onlus\/","https:\/\/www.linkedin.com\/company\/concrete-onlus-societ-cooperativa-sociale\/"]}]}},"_links":{"self":[{"href":"https:\/\/www.concreteonlus.org\/index.php?rest_route=\/wp\/v2\/pages\/1574","targetHints":{"allow":["GET"]}}],"collection":[{"href":"https:\/\/www.concreteonlus.org\/index.php?rest_route=\/wp\/v2\/pages"}],"about":[{"href":"https:\/\/www.concreteonlus.org\/index.php?rest_route=\/wp\/v2\/types\/page"}],"author":[{"embeddable":true,"href":"https:\/\/www.concreteonlus.org\/index.php?rest_route=\/wp\/v2\/users\/156"}],"replies":[{"embeddable":true,"href":"https:\/\/www.concreteonlus.org\/index.php?rest_route=%2Fwp%2Fv2%2Fcomments&post=1574"}],"version-history":[{"count":17,"href":"https:\/\/www.concreteonlus.org\/index.php?rest_route=\/wp\/v2\/pages\/1574\/revisions"}],"predecessor-version":[{"id":99126,"href":"https:\/\/www.concreteonlus.org\/index.php?rest_route=\/wp\/v2\/pages\/1574\/revisions\/99126"}],"wp:featuredmedia":[{"embeddable":true,"href":"https:\/\/www.concreteonlus.org\/index.php?rest_route=\/wp\/v2\/media\/1632"}],"wp:attachment":[{"href":"https:\/\/www.concreteonlus.org\/index.php?rest_route=%2Fwp%2Fv2%2Fmedia&parent=1574"}],"curies":[{"name":"wp","href":"https:\/\/api.w.org\/{rel}","templated":true}]}}